{"id":304,"date":"2021-08-31T17:00:28","date_gmt":"2021-08-31T15:00:28","guid":{"rendered":"https:\/\/gallery-bus.de\/?page_id=304"},"modified":"2021-10-26T11:46:43","modified_gmt":"2021-10-26T09:46:43","slug":"gallery-bus","status":"publish","type":"page","link":"https:\/\/gallery-bus.de\/","title":{"rendered":"Gallery-Bus"},"content":{"rendered":"\t\t<div data-elementor-type=\"wp-page\" data-elementor-id=\"304\" class=\"elementor elementor-304\">\n\t\t\t\t\t\t<section class=\"elementor-section elementor-top-section elementor-element elementor-element-2e403006 elementor-section-boxed elementor-section-height-default elementor-section-height-default\" data-id=\"2e403006\" data-element_type=\"section\" data-e-type=\"section\">\n\t\t\t\t\t\t<div class=\"elementor-container elementor-column-gap-default\">\n\t\t\t\t\t<div class=\"elementor-column elementor-col-100 elementor-top-column elementor-element elementor-element-52c4efcb\" data-id=\"52c4efcb\" data-element_type=\"column\" data-e-type=\"column\">\n\t\t\t<div class=\"elementor-widget-wrap elementor-element-populated\">\n\t\t\t\t\t\t<div class=\"elementor-element elementor-element-d2b8ac9 elementor-widget elementor-widget-text-editor\" data-id=\"d2b8ac9\" data-element_type=\"widget\" data-e-type=\"widget\" data-widget_type=\"text-editor.default\">\n\t\t\t\t<div class=\"elementor-widget-container\">\n\t\t\t\t\t\t\t\t\t<p><\/p>\n<figure class=\"wp-block-image size-full\"><img fetchpriority=\"high\" decoding=\"async\" width=\"610\" height=\"480\" class=\"wp-image-307\" src=\"https:\/\/gallery-bus.de\/wp-content\/uploads\/2021\/08\/P1020603.jpeg\" alt=\"\" srcset=\"https:\/\/gallery-bus.de\/wp-content\/uploads\/2021\/08\/P1020603.jpeg 610w, https:\/\/gallery-bus.de\/wp-content\/uploads\/2021\/08\/P1020603-300x236.jpeg 300w\" sizes=\"(max-width: 610px) 100vw, 610px\" \/><\/figure>\n<p><\/p>\n<p><\/p>\n<h2 class=\"wp-block-heading\"><strong>Abstrakte Landschaften: Innere &#8211; \u00c4ussere<\/strong><\/h2>\n<p><\/p>\n<p><\/p>\n<p>Die Bilder entstehen meist aus sich selbst heraus, sie entwickeln sich \u00fcber Farben und Form.<br>Mental sind sie verbunden mit der Farbenbedeutung des B\u00f6n, der \u00e4ltesten, urspr\u00fcnglichen Kultur in Tibet.<\/p>\n<p><\/p>\n<p><\/p>\n<p>Blau steht f\u00fcr den Raum. Wei\u00df f\u00fcr Wasser. Gelb f\u00fcr die Erde, Rot entspricht dem Feuer und Gr\u00fcn der Luft.<\/p>\n<p><\/p>\n<p><\/p>\n<p>Die Anregungen speisen sich aus Erinnerungen an die Weite Kaliforniens, die W\u00fcsten, das Meer und das Licht.<\/p>\n<p><\/p>\n<p><\/p>\n<p>Fotos und verschiedene Resonanzen ergeben die Kompositionen. Die Ergebnisse sind mal mehr, mal weniger abstrakte Landschaften.<\/p>\n<p><\/p>\n<p><\/p>\n<p>Es gibt einige Bilder, die durch weltpolitische Ereignissen inspiriert wurden.<br>Unterdr\u00fcckung der tibetischen Kultur, des tibetischen Volkes, Migranten auf der Flucht, Black Live Matters.<\/p>\n<p><\/p>\n<p><\/p>\n<p>Selbstvergessenheit ist die gr\u00f6\u00dfte Freude. Anhaftung die Herausforderung.<\/p>\n<p><\/p>\n<p><\/p>\n<p>Die Idee zum Malen kam \u00fcber Aleksej Zasuhin und Beate Koehne gab den Kickstart. Seit 6 Jahren male ich mit Acryl und Kreide. Zuerst auf Papier dann auf Leinwand.<\/p>\n<p><\/p>\n<p><\/p>\n<p>Die Idee der fahrenden Galerie ist der Pandemie geschuldet. Der B\u00e4ckerbus auf dem Lande, der einmal w\u00f6chentlich \u00fcber die D\u00f6rfer f\u00e4hrt, hat mich angeregt das auch mit Bildern zu tun. Die Vorteile des Galeriebusses liegen auf der Hand: Flexibilit\u00e4t, keine Abh\u00e4ngigkeit von Gewerberaum&nbsp; und ein Ort im Freien, an dem geschaut und gesprochen werden kann.<br>Auf Anfrage kann ich gerne zu Events oder auf eure H\u00f6fe und Dorfpl\u00e4tze kommen; gerne im Brandenburger Umland oder im Wendland.<\/p>\n<p><\/p>\n<p><\/p>\n<p><\/p>\n<p><\/p>\n<p><em><br>Doris Kunz<\/em><\/p>\n<p><\/p>\n<p><\/p>\n<p>1957 geboren und aufgewachsen in Franken. Seit 1982 Berlin. Schule f\u00fcr Erwachsenenbildung Abitur 1984 und Studium Neuere Geschichte, Politik, Soziologie in Berlin und Kalifornien. Gelebt und \u00fcberlebt ebenso Berlin.<\/p>\n<p><\/p>\n<p><\/p>\n<p>,<\/p>\n<p><br><\/p>\n<p>,<\/p>\t\t\t\t\t\t\t\t<\/div>\n\t\t\t\t<\/div>\n\t\t\t\t\t<\/div>\n\t\t<\/div>\n\t\t\t\t\t<\/div>\n\t\t<\/section>\n\t\t\t\t<\/div>\n\t\t","protected":false},"excerpt":{"rendered":"<p>Abstrakte Landschaften: Innere &#8211; \u00c4ussere Die Bilder entstehen meist aus sich selbst heraus, sie entwickeln sich \u00fcber Farben und Form.Mental sind sie verbunden mit der Farbenbedeutung des B\u00f6n, der \u00e4ltesten, urspr\u00fcnglichen Kultur in Tibet. Blau steht f\u00fcr den Raum. Wei\u00df f\u00fcr Wasser. Gelb f\u00fcr die Erde, Rot entspricht dem Feuer und Gr\u00fcn der Luft. Die Anregungen speisen sich aus Erinnerungen an die Weite Kaliforniens, die W\u00fcsten, das Meer und das Licht. Fotos und verschiedene Resonanzen ergeben die Kompositionen. Die Ergebnisse sind mal mehr, mal weniger abstrakte Landschaften. Es gibt einige Bilder, die durch weltpolitische Ereignissen inspiriert wurden.Unterdr\u00fcckung der tibetischen Kultur, des tibetischen Volkes, Migranten auf der Flucht, Black Live Matters. Selbstvergessenheit ist die gr\u00f6\u00dfte Freude. Anhaftung die Herausforderung. Die Idee zum Malen kam \u00fcber Aleksej Zasuhin und Beate Koehne gab den Kickstart. Seit 6 Jahren male ich mit Acryl und Kreide. Zuerst auf Papier dann auf Leinwand. Die Idee der fahrenden Galerie ist der Pandemie geschuldet. Der B\u00e4ckerbus auf dem Lande, der einmal w\u00f6chentlich \u00fcber die D\u00f6rfer f\u00e4hrt, hat mich angeregt das auch mit Bildern zu tun. Die Vorteile des Galeriebusses liegen auf der Hand: Flexibilit\u00e4t, keine Abh\u00e4ngigkeit von Gewerberaum&nbsp; und ein Ort im Freien, an dem geschaut und gesprochen werden kann.Auf Anfrage kann ich gerne zu Events oder auf eure H\u00f6fe und Dorfpl\u00e4tze kommen; gerne im Brandenburger Umland oder im Wendland. Doris Kunz 1957 geboren und aufgewachsen in Franken. Seit 1982 Berlin. Schule f\u00fcr Erwachsenenbildung Abitur 1984 und Studium Neuere Geschichte, Politik, Soziologie in Berlin und Kalifornien. Gelebt und \u00fcberlebt ebenso Berlin. , ,<\/p>\n","protected":false},"author":1,"featured_media":0,"parent":0,"menu_order":0,"comment_status":"closed","ping_status":"closed","template":"","meta":{"two_page_speed":[],"footnotes":""},"class_list":["post-304","page","type-page","status-publish","hentry"],"_links":{"self":[{"href":"https:\/\/gallery-bus.de\/index.php?rest_route=\/wp\/v2\/pages\/304","targetHints":{"allow":["GET"]}}],"collection":[{"href":"https:\/\/gallery-bus.de\/index.php?rest_route=\/wp\/v2\/pages"}],"about":[{"href":"https:\/\/gallery-bus.de\/index.php?rest_route=\/wp\/v2\/types\/page"}],"author":[{"embeddable":true,"href":"https:\/\/gallery-bus.de\/index.php?rest_route=\/wp\/v2\/users\/1"}],"replies":[{"embeddable":true,"href":"https:\/\/gallery-bus.de\/index.php?rest_route=%2Fwp%2Fv2%2Fcomments&post=304"}],"version-history":[{"count":10,"href":"https:\/\/gallery-bus.de\/index.php?rest_route=\/wp\/v2\/pages\/304\/revisions"}],"predecessor-version":[{"id":402,"href":"https:\/\/gallery-bus.de\/index.php?rest_route=\/wp\/v2\/pages\/304\/revisions\/402"}],"wp:attachment":[{"href":"https:\/\/gallery-bus.de\/index.php?rest_route=%2Fwp%2Fv2%2Fmedia&parent=304"}],"curies":[{"name":"wp","href":"https:\/\/api.w.org\/{rel}","templated":true}]}}